n divisor of z and 1166?
22
Suppose -168*v + 11970 = -78*v. What is the highest common factor of v and 1121?
19
Let a be (21/4)/((-22)/(-176)*6). Let b = 6 - -1. What is the greatest common factor of b and a?
7
Suppose -5*n - 4*y + 8366 = -8750, n + 2*y - 3416 = 0. What is the highest common factor of 4 and n?
4
Suppose -2*q = -30*q - 336. Let s(o) = -20*o + 128. Let w be s(q). What is the greatest common divisor of 32 and w?
16
Let g be (-66)/220 + 4430/100. What is the greatest common factor of 2662 and g?
22
Let u = -6 + 9. Suppose 0 = -u*m + 4*m. Suppose m = 5*z - 63 - 2. What is the highest common divisor of z and 78?
13
Let v(o) be the third derivative of 31*o**4/24 - 4*o**3 - 4*o**2 - 18*o. Let m be v(6). What is the greatest common divisor of 6 and m?
6
Suppose 4*o + 29*o = 165. Suppose 32 = z - o*p, 4 = -p + 8. Calculate the greatest common factor of 39 and z.
13
Let l be 74 - 11/(-3)*(-578 + 575). Suppose 4*w + 15 = 99. Calculate the greatest common divisor of w and l.
21
Let b(f) = f**2 + 3*f - 9. Let z = -21 + 15. Let h be b(z). Suppose -h - 16 = -5*o. What is the greatest common divisor of 20 and o?
5
Suppose 3*u + 22 = 5*u. Suppose -u*k - 11 + 22 = 0. Calculate the greatest common divisor of 7 and k.
1
Suppose 1584*l + 9 = 1586*l - 13. What is the highest common divisor of l and 1727?
11
Let m(o) = o**3 + 25*o**2 + 26*o + 55. Let l be m(-24). Suppose -l*f + 704 = -1501. Calculate the greatest common factor of 35 and f.
35
Let c be ((-186864)/(-238))/((-12)/(-63)). Calculate the greatest common factor of c and 18.
18
Let o = -37 - -74. Suppose 3*u + o + 2 = 0. Let k be (-2)/3*(u - 53). What is the highest common divisor of k and 33?
11
Let k be -4 - 5 - (-7)/((-56)/(-2232)). Suppose -4*s = -756 + 156. What is the highest common factor of k and s?
30
Let k = -19240 + 19520. What is the greatest common factor of k and 410?
10
Let v be 320*(19/247 + 70/104). Calculate the greatest common divisor of 420 and v.
60
Let w be 2025/65 + 108/(-702). What is the greatest common factor of w and 2?
1
Suppose -20*x + 7*x = -13624. Suppose 20*g - 872 - x = 0. What is the greatest common factor of g and 6?
6
Let i be 0 - -1 - (-24 + 3). Let q(t) = -t**3 + 21*t**2 + 23*t + 50. Let w be q(i). Suppose -120 - w = -2*x. What is the highest common divisor of 64 and x?
32
Suppose 3*k + 388*o - 472 = 383*o, k - 168 = o. What is the greatest common divisor of k and 12546?
82
Suppose -5*t + 3*g = -72, -4*t + 66 = -3*g + 9. Suppose 0 = -5*r + 5*k + 795, -5*r = -4*k - 207 - 589. Calculate the highest common factor of r and t.
5
Suppose 3*b - 99 = x, -40*b + 39*b = 4*x - 20. Calculate the greatest common divisor of 304 and b.
16
Let f(j) = -j + 37. Let b be (5 + -5 - -4) + 18. Let n be f(b). Let r(m) = -m**2 + 11*m - 5. Let d be r(10). Calculate the greatest common factor of n and d.
5
Let l = 531 + -516. What is the greatest common divisor of l and 195?
15
Let d be (24/42)/(2/91). Let h = d - 18. What is the highest common factor of 16 and h?
8
Let r(a) = 8*a - 225 - 3*a + a + 1 + 7*a. Let u be r(33). What is the greatest common divisor of u and 41?
41
Suppose 0 = -92*s - 26*s + 4720. Calculate the greatest common factor of s and 1704.
8
Let g(a) = -a**3 + 6*a**2 + 24*a + 10. Let x be g(-5). Let k(l) = -113*l - 3. Let r be k(-1). Calculate the greatest common factor of r and x.
55
Suppose 36*f - 28*f - 397 - 43 = 0. What is the highest common factor of 341 and f?
11
Let d(g) = -1 + 5 + 1 + 20*g + 0. Let j be d(5). Suppose 0 = 5*b + 16 - 191. Calculate the highest common divisor of j and b.
35
Let r = -161 - -391. Let m = 234 - r. Calculate the greatest common divisor of m and 20.
4
Let d be 176/40*(-3 + 0)/((-3)/5). Calculate the greatest common divisor of d and 2673.
11
Suppose -3*w = -21, u - 13*w + 3 = -10. What is the highest common divisor of 1266 and u?
6
Let u(x) = 2*x**2 - 76*x + 4. Let f be u(38). Suppose 5*p = 4*k + p - 24, 0 = -4*k - f*p. Let c = -4 + 13. Calculate the greatest common divisor of c and k.
3
Let f be (2 - -58) + (-5)/(-1). Let k(g) = -2*g + 81. Let y be k(21). What is the highest common factor of y and f?
13
Let r be 4159/7 - 1476/(-1722). Calculate the greatest common factor of 238 and r.
119
Let q be 94 - ((-14 - -8) + 4). Suppose -12 = -2*w - 4*j, 2 = 3*w + 4*j - 26. Calculate the highest common factor of q and w.
16
Let t(m) = 2*m**2 - 2*m - 198. Let x be t(13). What is the greatest common factor of x and 3306?
114
Let q be ((-9)/(-6))/((-9)/(-12)). Let c = -12 + 22. Suppose -c*w + 8 = -8*w. Calculate the highest common divisor of q and w.
2
Suppose -4*t = -4*i + 248, -77 = -2*i + t + 55. Suppose 0 = -u + 6*u - 525. Calculate the greatest common factor of i and u.
35
Let u be 4 - 471/(-6) - 2/4. Suppose -5*d - 4*v + 23 = 210, 2*d + u = 2*v. Let l = d + 49. What is the highest common factor of 10 and l?
10
Suppose -266 = -2618*k + 2625*k. Let z be 1 - -1 - (-38 - -1). Let j = k + z. Calculate the highest common divisor of 3 and j.
1
Suppose 2*s + 6236 = 8*h, h - 805 = 5*s - 9*s. Calculate the highest common divisor of h and 407.
11
Suppose 76*v - 16561 + 545 = 50*v. Calculate the greatest common divisor of v and 210.
14
Let n = 257 + -178. Suppose -d + 4*j + 66 = 0, -3*d = -j - 64 - n. Suppose -1 = 7*r - 806. Calculate the highest common factor of r and d.
23
Suppose 0*h = 2*h - 12. Let d = -5 + h. Let n be 2/(-6)*306/((-799)/47). What is the greatest common divisor of d and n?
1
Suppose 0 = -5*o - 5*g + 100, -4*g = 42*o - 45*o + 109. Calculate the greatest common divisor of o and 6.
3
Let m(f) = 2516*f - 4184. Let r be m(19). What is the greatest common divisor of 60 and r?
60
Let k be ((-23454)/24)/(32/(15232/(-51))). What is the highest common factor of k and 7?
7
Let r(s) = 2904*s + 1080. Let w be r(9). What is the highest common factor of 27 and w?
27
Let w = -3230 - -3458. What is the greatest common divisor of 1311 and w?
57
Let d(z) = z**2 + 60*z - 9028. Let m be d(-130). Suppose k + 4*w = 88, 7*w + 349 = 3*k + 2*w. What is the highest common factor of k and m?
36
Suppose -29760 = -447*z + 444*z. Calculate the highest common factor of z and 155.
155
Let g be 4/34*1 + (-3687)/(-17). Let n = -201 + g. Calculate the highest common factor of 40 and n.
8
Let i be ((-920)/138)/((-2)/138). Calculate the highest common divisor of i and 620.
20
Suppose -5 = q - 7. Suppose q*i - 2*d - 11 = -d, 5*i = -d + 17. Suppose 3*o + 3 + 63 = v, -v + 61 = -i*o. Calculate the greatest common divisor of 9 and v.
9
Suppose -132*j + 56189 + 73699 = 0. What is the greatest common factor of j and 156?
12
Let k be 17213 + (2 - 9) + 36/(-6). What is the highest common factor of 16 and k?
16
Suppose 4*k - 80 = 4*c, -1527 + 1451 = -3*k + 5*c. What is the greatest common factor of k and 23364?
12
Let x be -2*((-622)/4 - -1). Let n = x + -153. What is the highest common divisor of 39 and n?
39
Let b(m) = -m**2 + 71*m - 239. Let w be b(58). Calculate the greatest common factor of 10 and w.
5
Let y = 2490 + -2481. Suppose 2 + 2 = 2*t + 2*i, 0 = 5*t + 3*i - 12. Calculate the highest common divisor of t and y.
3
Let v = -1330 + 5029. What is the highest common divisor of v and 54?
27
Suppose -t + 5*a = -2, -3*a - 9 = 2*t - 0. Let z be t - ((-21183)/299 - (-2)/(-13)). What is the greatest common divisor of 204 and z?
68
Let a(o) = 2*o - 52. Let p be a(0). Let i = p + 71. Suppose 2*t - 23 = i. What is the highest common divisor of t and 14?
7
Let k(t) = -t**2 - 10*t - 9. Let i be k(-6). Let o = -243 - -195. Let c = o + 58. Calculate the highest common factor of c and i.
5
Suppose -2*k + 90 = 4*b, -6*b + 7*b - 3*k - 5 = 0. Let u = -4 - -12. Calculate the greatest common divisor of u and b.
4
Let y be 81/(-12) - -5 - (-58377)/44. Calculate the highest common divisor of y and 75.
25
Suppose -4*i + 5*i = 4*r - 162, 3*r + 4*i = 112. Suppose -3*y + 31 = -g, -5*y + 5*g = -15 - r. What is the greatest common divisor of y and 4?
2
Let r be ((-200)/30 - -7)/(1/(-231)). Let y be -3 + r/(-21) - (-142)/3. What is the greatest common factor of y and 176?
16
Suppose 0 = 5*m - 3*w - 24, 0 = 4*m - 5*w - 12 - 2. Let p(z) = z**3 - 6*z**2 + z + 48. Let d be p(6). What is the greatest common divisor of d and m?
6
Let o(b) = -894*b - 12003. Let v be o(-17). Calculate the highes